{"id":526,"date":"2019-12-07T16:29:40","date_gmt":"2019-12-07T15:29:40","guid":{"rendered":"https:\/\/www.kj-valentin.at\/wp_pfarrevalentin\/?page_id=526"},"modified":"2024-10-10T13:50:44","modified_gmt":"2024-10-10T11:50:44","slug":"katholische-maennerbewegung","status":"publish","type":"page","link":"https:\/\/www.kj-valentin.at\/wp_pfarrevalentin\/gruppen\/katholische-maennerbewegung\/","title":{"rendered":"Katholische M\u00e4nnerbewegung"},"content":{"rendered":"\n<p>Die M\u00e4nnerbewegung unserer Pfarre organisiert immer wieder gemeinsame Veranstaltungen. So gibt es jedes Jahr eine gemeinsame M\u00e4nnerwallfahrt. Ziel ist jedes Jahr eine Pfarre, in der ein Priester wirkt, der aus St. Valentin stammt oder der bei uns als Kaplan gewirkt hat.<\/p>\n\n\n\n<p>Au\u00dferdem gestalten die M\u00e4nner immer einen Kreuzweg in der Kirche. Im Advent halten wir Adventbesinnung. Im Sommer bem\u00fchen sich die M\u00e4nner f\u00fcr die \u00c4rmsten der Armen bei der Durchf\u00fchrung der Augustsammlung. Auch beim traditionellen Pfarrfest ist unsere M\u00e4nnerbewegung ein wichtiger Bestandteil.<\/p>\n\n\n\n<figure class=\"wp-block-image size-full\"><img loading=\"lazy\" decoding=\"async\" width=\"1000\" height=\"652\" src=\"https:\/\/www.kj-valentin.at\/wp_pfarrevalentin\/wp-content\/uploads\/2024\/10\/KMB_Logo_3531607641.jpg\" alt=\"\" class=\"wp-image-14995\" srcset=\"https:\/\/www.kj-valentin.at\/wp_pfarrevalentin\/wp-content\/uploads\/2024\/10\/KMB_Logo_3531607641.jpg 1000w, https:\/\/www.kj-valentin.at\/wp_pfarrevalentin\/wp-content\/uploads\/2024\/10\/KMB_Logo_3531607641-300x196.jpg 300w, https:\/\/www.kj-valentin.at\/wp_pfarrevalentin\/wp-content\/uploads\/2024\/10\/KMB_Logo_3531607641-768x501.jpg 768w\" sizes=\"auto, (max-width: 1000px) 100vw, 1000px\" \/><\/figure>\n\n\n\n<p class=\"has-accent-color has-text-color has-link-color wp-elements-fb45bdcf0a3a445d42dd632fb965d9ec\"><strong><a href=\"https:\/\/www.kmb.or.at\/\" target=\"_blank\" rel=\"noreferrer noopener\">Zur Internetseite der Katholischen M\u00e4nnerbewegung \u00d6sterreich<\/a><\/strong><\/p>\n","protected":false},"excerpt":{"rendered":"<p>Die M\u00e4nnerbewegung unserer Pfarre organisiert immer wieder gemeinsame Veranstaltungen. So gibt es jedes Jahr eine gemeinsame M\u00e4nnerwallfahrt. Ziel ist jedes Jahr eine Pfarre, in der ein Priester wirkt, der aus St. Valentin stammt oder der bei uns als Kaplan gewirkt hat. Au\u00dferdem gestalten die M\u00e4nner immer einen Kreuzweg in der Kirche. Im Advent halten wir [&hellip;]<\/p>\n","protected":false},"author":2,"featured_media":0,"parent":448,"menu_order":0,"comment_status":"closed","ping_status":"closed","template":"","meta":{"footnotes":""},"class_list":["post-526","page","type-page","status-publish","hentry"],"_links":{"self":[{"href":"https:\/\/www.kj-valentin.at\/wp_pfarrevalentin\/wp-json\/wp\/v2\/pages\/526","targetHints":{"allow":["GET"]}}],"collection":[{"href":"https:\/\/www.kj-valentin.at\/wp_pfarrevalentin\/wp-json\/wp\/v2\/pages"}],"about":[{"href":"https:\/\/www.kj-valentin.at\/wp_pfarrevalentin\/wp-json\/wp\/v2\/types\/page"}],"author":[{"embeddable":true,"href":"https:\/\/www.kj-valentin.at\/wp_pfarrevalentin\/wp-json\/wp\/v2\/users\/2"}],"replies":[{"embeddable":true,"href":"https:\/\/www.kj-valentin.at\/wp_pfarrevalentin\/wp-json\/wp\/v2\/comments?post=526"}],"version-history":[{"count":2,"href":"https:\/\/www.kj-valentin.at\/wp_pfarrevalentin\/wp-json\/wp\/v2\/pages\/526\/revisions"}],"predecessor-version":[{"id":14996,"href":"https:\/\/www.kj-valentin.at\/wp_pfarrevalentin\/wp-json\/wp\/v2\/pages\/526\/revisions\/14996"}],"up":[{"embeddable":true,"href":"https:\/\/www.kj-valentin.at\/wp_pfarrevalentin\/wp-json\/wp\/v2\/pages\/448"}],"wp:attachment":[{"href":"https:\/\/www.kj-valentin.at\/wp_pfarrevalentin\/wp-json\/wp\/v2\/media?parent=526"}],"curies":[{"name":"wp","href":"https:\/\/api.w.org\/{rel}","templated":true}]}}